22223 - -4203?
322331431
In base 11, what is -1 + -8061870?
-8061871
In base 14, what is -4 + 819001?
818ddb
In base 7, what is 3200321455 + 10?
3200321465
In base 11, what is -2892 - -8a187?
873a5
In base 7, what is 253224 + 3453?
260010
In base 12, what is -3ba76793 + 1?
-3ba76792
In base 6, what is -3232342351 - -5?
-3232342342
In base 12, what is -1 - -13bb14b9?
13bb14b8
In base 14, what is 5 - -11da18?
11da1d
In base 5, what is -1240 - -11024033?
11022243
In base 14, what is -9a - -26633?
26577
In base 8, what is -1 + -20605660?
-20605661
In base 8, what is 72 + 173641?
173733
In base 13, what is 4ab + a5652?
a5b30
In base 6, what is 320224545 - -101?
320225050
In base 12, what is -8026bab + 5?
-8026ba6
In base 2, what is -1010000010111100110101010110 - 101?
-1010000010111100110101011011
In base 6, what is 22 - 10002354?
-10002332
In base 2, what is -1110110 - 11000101100000111?
-11000101101111101
In base 7, what is 2550561 - -343?
2551234
In base 11, what is -145 - 16188?
-16322
In base 13, what is 4 - 18aaaac9?
-18aaaac5
In base 12, what is -b083a1 + -45?
-b08426
In base 12, what is -3823 - -203b8?
18795
In base 5, what is 244101041 + 100?
244101141
In base 13, what is 4837 + 3b7?
4c21
In base 7, what is 206 - -44315?
44524
In base 16, what is 3 - 2051bc?
-2051b9
In base 9, what is -253 + -1166543?
-1166806
In base 8, what is 5 - 1671251?
-1671244
In base 16, what is -1e3d - 5da?
-2417
In base 7, what is 13151 + 6436?
22620
In base 13, what is 5a445b + 0?
5a445b
In base 2, what is -1 - 110010111001110101100?
-110010111001110101101
In base 8, what is 5 - -3664150?
3664155
In base 14, what is -1454c322 + -3?
-1454c325
In base 15, what is -17bd + -ac5?
-2393
In base 8, what is -416300 - -416?
-415662
In base 6, what is -5 + -11035330044?
-11035330053
In base 16, what is -36723 - fc?
-3681f
In base 2, what is 1100 - -100011110001101011001?
100011110001101100101
In base 15, what is -7a5a347 - 0?
-7a5a347
In base 4, what is 220 - 12323231231?
-12323231011
In base 10, what is -251810368 - -1?
-251810367
In base 5, what is 3411013 - -3032?
3414100
In base 7, what is 436 - -134502?
135241
In base 8, what is 2025 + -254764?
-252737
In base 12, what is 1720ba + -19?
1720a1
In base 8, what is 2 + -72317253?
-72317251
In base 5, what is -41112 + 140311?
44144
In base 16, what is -700 - a19?
-1119
In base 10, what is 11304933 + -42?
11304891
In base 12, what is -585550 - 2?
-585552
In base 15, what is -3 - 6e24d1?
-6e24d4
In base 2, what is 110000001010001001001 - -111000?
110000001010010000001
In base 16, what is -371e86c + 3?
-371e869
In base 16, what is 241 + -c640?
-c3ff
In base 14, what is -2b36 + -da74?
-127aa
In base 10, what is 7691903 + -2?
7691901
In base 12, what is 1 - 33a9ab88?
-33a9ab87
In base 2, what is -11010111 - 100010101010001010?
-100010101101100001
In base 5, what is 4 - 32204410430?
-32204410421
In base 7, what is 32536 - 632?
31604
In base 13, what is -16533 - -1b80?
-14683
In base 16, what is 3b50 + -30a?
3846
In base 8, what is -1012554 + 665?
-1011667
In base 11, what is 741 - -94334?
94a75
In base 6, what is -2 - -425221342?
425221340
In base 5, what is 44 - -24341000320?
24341000414
In base 10, what is -6 + 55486618?
55486612
In base 15, what is 58ced + 959?
59757
In base 11, what is -8 + -108900?
-108908
In base 5, what is 44004013310 - -1?
44004013311
In base 16, what is -4 + -11fd5524?
-11fd5528
In base 12, what is -aa12 + bb?
-a913
In base 7, what is 201 - -10601222?
10601423
In base 9, what is 65272 + -1475?
63686
In base 13, what is 0 + 736abc?
736abc
In base 14, what is -1 + d28848?
d28847
In base 7, what is -24463 - 1330?
-26123
In base 3, what is -102000021112211 + -101?
-102000021120012
In base 10, what is -5 - 5531446?
-5531451
In base 12, what is -b8990ab - 5?
-b8990b4
In base 2, what is -10111011010000100100111 + 1001001?
-10111011010000011011110
In base 2, what is -111011100100010011 + -101110?
-111011100101000001
In base 12, what is -187b - 2600?
-427b
In base 5, what is 3 + 11023032243?
11023032301
In base 6, what is -21213 + 213242?
152025
In base 7, what is 0 - -66123020?
66123020
In base 11, what is 56 - 276296?
-276240
In base 5, what is -10122132211 + 1?
-10122132210
In base 6, what is 3 + -553100023?
-553100020
In base 10, what is 4 - 4246023?
-4246019
In base 16, what is 1b7f477 - 2?
1b7f475
In base 15, what is 1c28 - 17e?
1a99
In base 15, what is -5b - 1d61?
-1dbc
In base 14, what is 50 - -190434?
190484
In base 4, what is 1030031231101 + -1?
1030031231100
In base 5, what is 431313 - 2030?
424233
In base 4, what is 3123 - -120103031?
120112220
In base 7, what is -6 - -530512356?
530512350
In base 9, what is -36 + 226823?
226776
In base 7, what is 5106 - 34062?
-25653
In base 9, what is 1 + -2542078?
-2542077
In base 10, what is 60631 + 1616?
62247
In base 12, what is -2112b + 3b1a?
-19211
In base 8, what is 203 - 265351?
-265146
In base 4, what is 101 - -212212122?
212212223
In base 7, what is 3230562 + 1234?
3232126
In base 13, what is -3c5 + 2b53c8?
2b5003
In base 11, what is -88912 + 573?
-8834a
In base 3, what is -222001210220011 - 12?
-222001210220100
In base 15, what is -25ae + 3d5?
-21c9
In base 12, what is -5 - 128888?
-128891
In base 3, what is -110121021212200221 - -2?
-110121021212200212
In base 4, what is 22213 + -10333132?
-10310313
In base 14, what is 2 + -38bdc1d?
-38bdc1b
In base 9, what is -11265540 + 3?
-11265536
In base 4, what is -1 + 1212113311310?
1212113311303
In base 13, what is 77902 - -3c?
77941
In base 10, what is 5 - -54157622?
54157627
In base 4, what is 2 - 3221310020010?
-3221310020002
In base 5, what is 4 - -12321004030?
12321004034
In base 15, what is -2 - -55bd7ba?
55bd7b8
In base 10, what is 21643219 + 18?
21643237
In base 13, what is 579306 + -cc?
579207
In base 4, what is -33103230 - -310013?
-32133211
In base 7, what is -1156 - 23362?
-24551
In base 11, what is -4562a73 - -6?
-4562a68
In base 9, what is -45164633 - 1?
-45164634
In base 4, what is 113323101 + 223?
113323330
In base 6, what is -120014515254 + -1?
-120014515255
In base 12, what is 229a - -2474?
4752
In base 15, what is b3ea + 33a6?
e7a1
In base 15, what is 0 + 1ab20a?
1ab20a
In base 7, what is -11 + 35506546?
35506535
In base 4, what is -2001220 + -10210030?
-12211310
In base 5, what is 43 - 1003300310?
-1003300212
In base 11, what is 10 - 2967866a?
-2967865a
In base 10, what is -189 + -40527?
-40716
In base 4, what is 11 - 2223301313222?
-2223301313211
In base 3, what is 12 + 220110122202110?
220110122202122
In base 13, what is a30 + 5459a?
552ca
In base 4, what is -11311331 + -231102?
-12203033
In base 13, what is 8c2a16 + -96?
8c2950
In base 14, what is -39dbc1 + d?
-39dbb2
In base 14, what is -2b278 - 83?
-2b31b
In base 4, what is 32021130313122 + 1?
32021130313123
In base 3, what is -1 + 2202220020211202?
2202220020211201
In base 6, what is 1021401 - 12?
1021345
In base 13, what is 5c - c8a68?
-c8a09
In base 16, what is 615dc - 18d?
6144f
In base 15, what is -28 + -b52a5?
-b52cd
In base 5, what is 230420101 - -30?
230420131
In base 5, what is -113134342 - -1340?
-113133002
In base 16, what is 1dd0 - -f8?
1ec8
In base 12, what is 1a64133 + -2?
1a64131
In base 5, what is 10 - 133123310233?
-133123310223
In base 8, what is -5062273 + -3?
-5062276
In base 4, what is -1110 - 12012?
-13122
In base 14, what is a50c8 - -13?
a50db
In base 8, what is -45455675 + 3?
-45455672
In base 3, what is -2 - -1122122021210021?
1122122021210012
In base 8, what is -1 - 21341744?
-21341745
In base 16, what is -2 - 689b86?
-689b88
In base 8, what is -340657 - -461?
-340176
In base 11, what is -15027 - -225?
-14902
In base 3, what is 2 + 1202012100022012?
1202012100022021
In base 16, what is 7484 + -1a90?
59f4
In base 16, what is 3 - 10e1c4?
-10e1c1
In base 13, what is 3 - 241197?
-241194
In base 2, what is 1001001000000001010110101 - -10?
1001001000000001010110111
In base 15, what is -9 - d75cb?
-d75d5
In base 15, what is 150e4b + 0?
150e4b
In base 4, what is -131 + -1311131202303?
-1311131203100
In base 4, what is 13101113213013 - 10?
13101113213003
In base 14, what is 5 - -405936?
40593b
In base 3, what is -20000021210 - 1120?
-20000100100
In base 2, what is 111000011110 + 10111001011111?
11110001111101
In ba